4)*22/(-198)*20. Calculate the greatest common divisor of 3475 and t.
25
Let v be 28880/(-28)*462/(-44). Suppose 13*d - v = -2*d. Calculate the greatest common factor of 19 and d.
19
Let g be ((-8)/2 - -3)*-17. Suppose -8*i + 2803 = 8*i - 1821. Calculate the greatest common divisor of i and g.
17
Let v be (104/(-14))/(22/(-385)). Let u be (-2)/10*-1*v/26. Calculate the greatest common factor of u and 16.
1
Suppose -2036 = -4*p + 2*r, 2*p + r = 118 + 904. What is the greatest common divisor of p and 300?
30
Let r = -10314 + 16666. Calculate the highest common divisor of r and 16.
16
Let l = -30 - -34. Suppose 0 = 3*g - l*g + 5. Let s be (0 + -1)/(4*g/(-600)). What is the highest common divisor of s and 20?
10
Let y(i) = -i**2 - 9*i - 6. Let d be y(-5). Suppose d*z = 10*z + 1500. What is the highest common divisor of z and 50?
25
Let q be 438/1022 - (-109)/7. What is the greatest common divisor of q and 11824?
16
Let h(z) = 288*z - 520. Let o(t) = -22*t + 40. Let g(p) = -3*h(p) - 40*o(p). Let i be g(10). Calculate the highest common factor of 80 and i.
40
Suppose 282*d - 277*d - 25 = 0. Let r be 5*(76/16)/(4/16). What is the highest common factor of r and d?
5
Let f = -35058 + 35530. Calculate the greatest common divisor of f and 296.
8
Suppose 16485 + 16603 = -25*i + 119*i. What is the greatest common divisor of 77 and i?
11
Let j = 369 + -368. Let q be (9 - 8)*1*(19 + j). What is the highest common factor of q and 40?
20
Let o(t) = -t**3 - 5*t**2 - 6*t - 6. Let r be o(-4). Let w be (-3 - (-1102)/11) + r/(-11). Let c = -61 + w. What is the highest common factor of 18 and c?
18
Suppose 253*l = 138*l + 130*l - 75. Calculate the highest common divisor of l and 535.
5
Let t be (-9)/(16/4 - (4 - 1)). Let w be (-10*2 - -2)/(t + 8). Calculate the highest common factor of 234 and w.
18
Suppose 21*w - 26*w = -15. Let b be ((-1)/w)/(9/486*-1). What is the highest common divisor of b and 114?
6
Let y(b) = -26*b - 146. Let h be y(-4). Let a be (0 + h/(-4))*(-24)/(-18). Let q = -10 - -164. Calculate the greatest common factor of a and q.
14
Let z(q) = 2*q**2 - 29*q + 24. Let w(y) = -y**2 + 14*y - 12. Let x(u) = 7*w(u) + 3*z(u). Let c be x(4). Calculate the highest common factor of 176 and c.
16
Let q = 61 + -40. Suppose -7*i - 143 + 17 = -4*o, 4*i + 26 = -o. What is the greatest common factor of o and q?
7
Let b = 10264 - -13438. What is the greatest common factor of 28 and b?
14
Let a = -149 - -315. Let g = -164 + a. Calculate the highest common divisor of 30 and g.
2
Let z be 24/(-18)*-11*3. Suppose 2*t - z = -2*t - 2*l, 2*l = t - 16. What is the greatest common factor of t and 114?
6
Suppose -19*j = -39*j + 940. Suppose -15 = -2*x + 4*p + 7, 4*x - 5*p = j. What is the highest common divisor of x and 26?
13
Let q(j) = 2*j**3 + 18*j**2 - 7*j + 19. Let l be q(-9). Suppose 7*w - l = 93. What is the greatest common divisor of w and 5?
5
Suppose -2*r + 111 = w, w - 2*r - 76 = 3*r. What is the greatest common divisor of w and 3232?
101
Suppose -p + 5 = 2. Suppose w + 3*w - 22 = -3*x, -x + p*w + 3 = 0. Suppose -25 + 67 = x*n. Calculate the greatest common divisor of 21 and n.
7
Let f = -32 - 62. Let v be ((-2)/4 + 1)*(108 + f). Suppose -4*z - v = -w, -5*w + 2*z - 4*z = -35. Calculate the highest common factor of 14 and w.
7
Let v = 3497 - 2573. Calculate the highest common factor of v and 1596.
84
Suppose 132*o - 12360 = 4939 - 4363. Calculate the greatest common divisor of 5446 and o.
14
Let a = 17436 + -15200. What is the highest common factor of 1892 and a?
172
Let p(z) = -z**2 - 11*z - 17. Let c be p(-9). Suppose 0 = t + c - 12. Let r(u) = 15*u + 24. Let k be r(t). What is the greatest common divisor of k and 21?
21
Let s be -6*(-228)/(-120)*-5. Calculate the greatest common factor of s and 24.
3
Suppose -12*b = -14*b - 2*z + 312, 5*b - 3*z - 764 = 0. Suppose 3*h - h - 28 = 0. What is the greatest common divisor of b and h?
14
Let s be 56/21*(-1134)/(-24). Calculate the greatest common factor of 17514 and s.
126
Suppose -6*b = -0*b - 156. Suppose 0 = -b*m + 23*m + 1092. Suppose -q = -3*p + 538, -2*p - 5*q + m = -3*q. What is the greatest common divisor of 20 and p?
20
Suppose 27*i - 23 = -104. Let c(z) = 2*z**2 - 6. Let q be c(i). What is the highest common divisor of q and 54?
6
Let n(u) = -174*u - 591. Let k be n(-4). Let f = -19 - -22. Calculate the greatest common factor of f and k.
3
Let l = 40 - -147. Let o = -167 + l. Suppose 140 = 4*g - 2*g. What is the highest common factor of o and g?
10
Let o be (-8 + 2)/(((-180)/8)/15). Let z = -19 - -24. What is the greatest common factor of o and z?
1
Suppose 33*k - 1056 - 6963 = 0. Let t = -172 + k. Calculate the highest common factor of t and 497.
71
Suppose 2*g - 3*x = 14, 11 = -g - 3*x + 9. Suppose 2 = -5*l - 28. Let b be (l - 1)*(-8 + 4). What is the highest common divisor of b and g?
4
Suppose -918 = -p - 3*h, -p + 589 = -2*h - 339. Calculate the greatest common factor of p and 224.
28
Let w(f) = 0*f**2 - 1540 + f**2 - 5*f - f + 1518. Let x be -6*4/((-16)/6). Let t be w(x). Calculate the highest common factor of t and 15.
5
Let j(i) = 2*i + 87. Let o be j(-32). Suppose -4*p - 5*f = -o, 5 = p - 0*p + 2*f. Calculate the greatest common factor of 189 and p.
7
Let s = -12464 + 25442. Calculate the greatest common factor of s and 18.
18
Let r(l) = 16*l**2 + 123*l + 7. Let w be r(-8). Calculate the greatest common factor of w and 1363.
47
Let l be (2465/(-51))/((-2)/48). Let c be 1 + -5 + l/8 + -6. Calculate the highest common factor of 90 and c.
45
Suppose -2*h - 467*q = -466*q - 27, 3*h + 4*q - 53 = 0. What is the highest common factor of 4488 and h?
11
Suppose 0*b = 5*b - 50. Let u = -620 - -1176. Suppose -2*y + 4*f = -22 - 190, 5*y - u = -3*f. Calculate the highest common divisor of y and b.
10
Let y(v) = v**2 + 2*v + 0*v - 4*v. Let q be y(7). Let d = q - 20. What is the highest common factor of d and 165?
15
Suppose -3398 = -4*z + 2*x, 11*z + 3405 = 15*z + 5*x. Calculate the greatest common divisor of 68 and z.
34
Let s be -1 + 10/6 + (-143)/(-33). Suppose -5 = -4*i - 3*c + 9, -s*i - 4*c + 17 = 0. Suppose -i*x + 76 = -84. Calculate the highest common divisor of 256 and x.
32
Let f be (-2)/4*66*-1. Let c be (f + 2)*(-74)/(-10). Calculate the greatest common factor of c and 37.
37
Let j be 435/20 + -3 + 9/36. Let i(u) = u**2 + 3*u - 11. Let c be i(-8). Let h = c + 9. What is the greatest common factor of h and j?
19
Suppose 324 = -4*h - 4*w, -4*h - w = -3*w + 342. Let d = h - -137. Calculate the highest common divisor of d and 106.
53
Let m(g) = -33*g + 213. Let k be m(6). What is the greatest common factor of k and 3435?
15
Let b(j) = -2*j**3 - 79*j**2 + 28*j - 256. Let a be b(-40). Let g be (-3)/((9/384)/(-1)). Calculate the highest common factor of g and a.
32
Let c be (-2)/4 + 15/(-10). Let v be c - 0 - (32 + -40). Calculate the highest common factor of 12 and v.
6
Let i(t) = -1891*t + 123. Let b be i(-2). What is the greatest common factor of b and 55?
55
Suppose -221066 = -41*p + 212960. What is the greatest common factor of 158 and p?
158
Suppose 66*x - 8 = 64*x. Let s be (-2)/(x*3*4/(-120)). What is the greatest common divisor of s and 5?
5
Let b = 163 - 160. Suppose -a = 2*n - 748, n - b*a - 612 = -224. Calculate the greatest common divisor of n and 47.
47
Let i(a) = 11*a**3 - 10*a**2 + 12*a - 2. Let o be i(2). What is the highest common divisor of 45 and o?
5
Let o = -28964 - -29936. What is the highest common divisor of 168 and o?
12
Suppose 0 = -51*l + 14*l + 2331. Let t = 17 + -44. Let i be (-2)/(-9) - 183/t. What is the highest common factor of l and i?
7
Let u be (-205*6/(-150))/((-1)/(-35)). Suppose 3*d + 167 = u. Calculate the highest common factor of d and 460.
20
Suppose 27*u = 64*u - 209457. Calculate the greatest common factor of u and 74.
37
Suppose 6856 = 31*u - 3018 - 18274. Calculate the highest common divisor of u and 148.
4
Let f(p) = p**2 - 32*p - 128. Let v be f(-4). Suppose 0 = -3*u + 3, -2*n + u = -0*n - 287. Calculate the highest common factor of v and n.
16
Let a(q) = 5*q + 38. Let s be a(-7). Suppose -s*j + 102 = -3*b, j + 106 = 4*j - 2*b. Let d be 37 - (-4 + 2)*3/6. What is the greatest common factor of j and d?
38
Suppose -140*x - 235445 = -991860 - 633365. Calculate 